e prime factors of j?
9833
Suppose 0 = 4*r + 5*b - 61394, -3*r + 5*b - 3152 = -49180. What are the prime factors of r?
2, 7673
Let r(x) = 204*x**2 - 31*x - 2. What are the prime factors of r(-6)?
2, 941
Let q(s) = -4*s**2 + 500*s + 40. What are the prime factors of q(91)?
2, 97
Let u = 254 + -250. Suppose u*o + 5*k - 244 = -0*o, -122 = -2*o + 5*k. What are the prime factors of o?
61
Suppose 17 + 32 = 7*n. Suppose -n*u + 90 = -2*u. Suppose l - u = 125. What are the prime factors of l?
11, 13
Suppose -95*j + 18238500 = -53*j + 210*j. List the prime factors of j.
3, 5, 193
Let c = 15448 + -8083. List the prime factors of c.
3, 5, 491
Let l = 96 + -39. Let v = l - 57. List the prime factors of (-1 + 0)*-23 + v.
23
Let i(k) = 37*k**2 + 4*k + 3. Let u(q) = q**2 + q - 2. Let p(w) = i(w) + 5*u(w). List the prime factors of p(-3).
2, 43
Let b(l) = -l - 7. Let n be b(-6). Let s(w) be the third derivative of 11*w**5/4 + w**4/6 + w**3/2 - 60*w**2 - 3*w. What are the prime factors of s(n)?
2, 41
Let w = 36513 + -14740. What are the prime factors of w?
21773
Suppose -4*g - 266096 = -5*w, 8*g = 3*w + 10*g - 159684. List the prime factors of w.
2, 6653
Let n(f) = f**2 + 116*f + 26945. List the prime factors of n(0).
5, 17, 317
Let y be 15*13/((-455)/11578). List the prime factors of (-4)/(-20) + -1*y/15.
331
List the prime factors of 4*5265/18 + (-2)/(4/(-10)).
5, 47
Let y = 2715 + 1402. What are the prime factors of y?
23, 179
Let a = 44712 + -26609. What are the prime factors of a?
43, 421
Let z = -45 - -47. Suppose 5*n - 681 = -z*h - 276, 5*n = -5*h + 1005. List the prime factors of h.
2, 5
Suppose 3*z = 932 + 157. Suppose -3*m = -z - 105. What are the prime factors of m?
2, 3, 13
Suppose 1955 - 603 = 4*v. Let d = -114 + 592. Let p = d - v. What are the prime factors of p?
2, 5, 7
Let j be (-106)/8*-1*4 - 4. Suppose -59*p + j*p = -2610. What are the prime factors of p?
3, 29
Let o(j) = -13*j**2 - 11*j - 50. Let r(l) = 6*l**2 + 6*l + 25. Let f(d) = 2*o(d) + 5*r(d). List the prime factors of f(-8).
7, 31
List the prime factors of (9/(-9) + 10/(-3))/(1/(-1146)).
2, 13, 191
Suppose 4*a - 53*p + 58*p - 12 = 0, -9 = -3*a - 2*p. What are the prime factors of (-353 - (-3 + a))/(-1)?
353
Let p(h) = 6*h**3 - 2*h**2 + 11*h - 35. Let l be p(4). Suppose m - 3*a - l = 105, -m + 469 = -2*a. What are the prime factors of m?
5, 19
Suppose 12*b + 4*g + 30756 = 14*b, 3*g = 12. What are the prime factors of b?
2, 7, 157
Let w(c) = 97*c**2 - 32*c - 6. List the prime factors of w(-7).
3, 1657
Suppose 2*q = 4*q - 2*j + 436, -3*j = -9. Let i = 295 + q. List the prime factors of i.
2, 5
Suppose -16 = 4*v, 0 = -2*r + 4*r - v + 282. Let w = -28 + -27. Let s = w - r. List the prime factors of s.
2, 11
Let o(c) = -107*c - 9. Let p be o(-2). Suppose p = 2*i + 4*v - 363, -4*i = -5*v - 1201. Suppose x = -x + i. What are the prime factors of x?
3, 7
Suppose n = 3*v - 12, -5*n = -6*v + v + 30. Let r be 4/(-6) + 2/v. Suppose r*p + 5*p = 45. List the prime factors of p.
3
Let s(l) = -50*l**3 - 3*l**2 - 3*l - 2. Let h be s(-1). What are the prime factors of h/32*(255 + 3)?
3, 43
Suppose -4*m = 4*d - 3936, 5*m = -2*d + 1581 + 378. Suppose 36*q = 15*q + d. List the prime factors of q.
47
Let i = 1150 - -14192. List the prime factors of i.
2, 3, 2557
Suppose 21*q + 17*q - 297792 = -28*q. List the prime factors of q.
2, 3, 47
Let o = -395 + 616. Let m = 93 + o. List the prime factors of m.
2, 157
Suppose 31 - 16 = 5*k. Suppose 0 = k*l - 5*c - 13, -4*c = -6 - 10. What are the prime factors of l - (-4)/((-8)/(-6))?
2, 7
Suppose 11*c + 21 - 65 = 0. Suppose 2*l = -o - c*o + 719, 2*o = -3*l + 1062. List the prime factors of l.
2, 11
Let o(h) = h**3 - 4*h**2 + 2*h - 8. Let d be o(4). Suppose d = 3*p - 2067 + 318. What are the prime factors of p?
11, 53
Let v(t) = -t**2 + 23*t + 25*t + 6 - 47*t. Let l be v(-2). Suppose l = 2*p + 21 - 47. List the prime factors of p.
13
Let h(m) = m**3 + 10*m**2 - 54*m + 14. Let b be h(-14). Let l(c) = 9*c**2 + 41*c + 131. List the prime factors of l(b).
1321
Let y(h) = -20*h + 2. Let k(u) = -20*u. Let z(g) = 5*k(g) - 4*y(g). What are the prime factors of z(-11)?
2, 53
Let x(l) = 1270*l + 433. List the prime factors of x(9).
11863
Suppose 4*g = 2 - 38. Let n(u) = -u**3 + 19 - 2 - 10 - u - 4*u - 7*u**2 - 15. List the prime factors of n(g).
199
Suppose 12 = 3*x + 3. Let k(g) = -g**3 + 15*g**2 + 10. Let z be k(15). Suppose -x*l + 8 + z = 0. List the prime factors of l.
2, 3
Let g(v) = 3*v**2 - 10*v + 2. Let a be g(3). Let f(t) = -323*t + 2. What are the prime factors of f(a)?
5, 13
Let r be (-3 - 1) + (14 - 8). Let k be 2/((-3)/((-51)/r)). Let c = k - -17. List the prime factors of c.
2, 17
Suppose 9*o = 228 - 30. Let v = o + 42. What are the prime factors of v + 3 - (-2 - -2)?
67
Suppose -p + 105 = 5*w, 6*p = -w + p - 3. Suppose 18*x + 4424 = w*x. List the prime factors of x.
2, 7, 79
Suppose 6*g - 8 = 40. Suppose -25 = 5*f, 9*j - g*j + 2*f - 456 = 0. List the prime factors of j.
2, 233
Let y = -1867 - -10230. List the prime factors of y.
8363
Let x(o) = -23*o - 15. Let v be x(-10). Suppose 5*a + 5*n - v = 0, -4*n + n - 12 = 0. Let m = 92 - a. What are the prime factors of m?
3, 5
Suppose 0 = -22*v + 19*v - 9. Let k(g) = 2*g + 80. Let t(o) = o + 2. Let r(a) = v*t(a) + k(a). List the prime factors of r(9).
5, 13
Let b(q) = -17*q**3 + 13*q**2 + 9*q + 223. What are the prime factors of b(-8)?
3, 3229
Let d = -21 - -23. Suppose -u + 3*y - 25 = 0, -64 = 5*u - 2*u + d*y. Let o = -19 - u. List the prime factors of o.
3
Let t(m) = 23*m + 60. Suppose 4*s - 271 = -247. What are the prime factors of t(s)?
2, 3, 11
List the prime factors of 8/(-14) - ((-42249)/7 + 0/10).
5, 17, 71
Suppose -2*o - 5*s + 9634 = 0, 0 = 5*s + 2 - 22. What are the prime factors of o?
11, 19, 23
Suppose 24*v - 20*v = 20. Suppose 91 = 5*b - 104. Suppose -t + b = -v. List the prime factors of t.
2, 11
Let t(f) = 14*f**2 - 4*f - 4. Let c be t(-3). Let i = c - 82. Suppose -3*p + 269 = -i. List the prime factors of p.
107
Let p(k) = 42*k**2 + 12*k + 19. Let n be p(14). Suppose -22*h + n = -689. What are the prime factors of h?
2, 3, 23
Let f = 2950 - 925. What are the prime factors of f?
3, 5
Let v(b) = -2*b**3 + 170*b**2 - 133*b + 123. List the prime factors of v(83).
2, 5, 13
Suppose 5*h - 41376 = -3*w - 14841, 15892 = 3*h - 4*w. What are the prime factors of h?
2, 3, 13, 17
Suppose 2*m + 18 = 4*t, -2*t - 5*m - 1 = -4*m. Suppose -3*c = 0, t*z - 690 = -z + 4*c. List the prime factors of z.
2, 5, 23
Let n be 0*((-1)/(-2) + 12/24). Suppose -62*i + 72*i - 3410 = n. List the prime factors of i.
11, 31
Let r = 81090 + -44194. List the prime factors of r.
2, 1153
Let t = -42 + 40. Let m be (-30)/4 - 1/t. Let w(u) = -2*u + 13. List the prime factors of w(m).
3
Let k(n) be the second derivative of 33*n**3/2 + 279*n**2/2 - 2*n + 71. List the prime factors of k(9).
2, 3, 5, 13
Let t be (9 - -1)*(40/(-25) + 2). Suppose -396 = 4*p - t*w, -w + 15 = 2*w. Let m = p - -205. List the prime factors of m.
3, 37
Let d(w) = 15*w**2 + 24*w + 104. What are the prime factors of d(-25)?
13, 683
Let h(j) = 217*j**2 + j + 2. Suppose -w + 3*w - 3*c - 2 = 0, 2*w - 4*c = 0. Suppose 10 = 2*y + 4*m - 0*m, 2*m - w = -2*y. List the prime factors of h(y).
2, 109
Suppose 36*z = 37*z - 10. Let w be -10 + z - (1 + -1)/(-1). Suppose w*i - 315 = -3*i. List the prime factors of i.
3, 5, 7
Let v = -106 + 119. Suppose -v*m = -18*m + 2460. List the prime factors of m.
2, 3, 41
Let l(z) = 23 + 11 + z**2 + 1 + z**2 + 6*z. Let x be l(-9). Let c = x + -25. What are the prime factors of c?
2, 59
Let m(o) = 83438*o**2 + 29*o - 28. List the prime factors of m(1).
3, 73, 127
Suppose 56*y + 14450 = 61*y. Let a = y + -1934. What are the prime factors of a?
2, 239
Let d = -54 + 56. Suppose -3*n - d*s + 2728 = 0, -n + 1812 = n - 2*s. What are the prime factors of n?
2, 227
Let a = 97 + -75. Suppose -a = -2*w - 3*z + 12, -5*z + 52 = 3*w. Suppose -4*f = -8*l + 3*l - 11, -w = -4*f + 2*l. List the prime factors of f.
2
Suppose 53*v + 80*v - 62*v - 5008411 = 0. List the prime factors of v.
23, 3067
Suppose -3*d - 6*v = -3*v - 2076, 0 = d - 3*v - 708. Let g = d - 494. What are the prime factors of g?
2, 101
Let s(m) = -3 + 6*m - 10*m + 9*m + 16*m + 2. Let i(v) = -v**3